{"id":1145,"date":"2022-09-23T11:06:50","date_gmt":"2022-09-23T04:06:50","guid":{"rendered":"https:\/\/kosiaenc.com\/?page_id=1145"},"modified":"2023-02-03T15:42:41","modified_gmt":"2023-02-03T08:42:41","slug":"tam-nhin-va-su-menh-cua-chung-toi","status":"publish","type":"page","link":"https:\/\/kosiaenc.com\/?page_id=1145&lang=vi","title":{"rendered":"T\u1ea6M NH\u00ccN V\u00c0 S\u1ee8 M\u1ec6NH C\u1ee6A CH\u00daNG T\u00d4I"},"content":{"rendered":"<p>C\u00f4ng ty x\u00e2y d\u1ef1ng th\u01b0\u01a1ng m\u1ea1i <strong>KOSIA E&amp;C<\/strong> \u0111\u01b0\u1ee3c th\u00e0nh l\u1eadp v\u00e0o n\u0103m 2017 v\u00e0 c\u00f3 tr\u1ee5 s\u1edf t\u1ea1i Vi\u1ec7t Nam. Ch\u00fang t\u00f4i cung c\u1ea5p d\u1ecbch v\u1ee5 x\u00e2y d\u1ef1ng, thi\u1ebft k\u1ebf \u0111\u00fang th\u1eddi gian v\u00e0 ng\u00e2n s\u00e1ch ch\u1ee7 \u0111\u1ea7u t\u01b0 y\u00eau c\u1ea7u v\u1edbi c\u00e1c ti\u00eau chu\u1ea9n chuy\u00ean nghi\u1ec7p. T\u1ea7m nh\u00ecn c\u1ee7a ch\u00fang t\u00f4i l\u00e0 t\u1ea1o ra m\u1ed9t gi\u00e1 tr\u1ecb, uy t\u00edn tr\u00ean th\u1ecb tr\u01b0\u1eddng Thi\u1ebft k\u1ebf v\u00e0 X\u00e2y d\u1ef1ng Nh\u00e0 m\u00e1y C\u00f4ng nghi\u1ec7p, D\u00e2n d\u1ee5ng &amp; C\u1ea7u \u0110\u01b0\u1eddng c\u00f9ng v\u1edbi \u0111\u1ed9i ng\u0169 chuy\u00ean nghi\u1ec7p, \u0111\u00e1ng tin c\u1eady \u0111i k\u00e8m v\u1edbi qu\u1ea3n l\u00fd chuy\u00ean nghi\u1ec7p \u0111\u1ec3 \u0111\u00e1p \u1ee9ng nhu c\u1ea7u c\u1ee7a kh\u00e1ch h\u00e0ng.<\/p>\n<p>Ch\u00fang t\u00f4i c\u1ed1 g\u1eafng cung c\u1ea5p c\u00e1c c\u00f4ng tr\u00ecnh x\u00e2y d\u1ef1ng ch\u1ea5t l\u01b0\u1ee3ng v\u1edbi gi\u00e1 c\u1ea3 c\u1ea1nh tranh, c\u0169ng nh\u01b0 duy tr\u00ec c\u00e1c m\u1ed1i quan h\u1ec7 kh\u00e1ch h\u00e0ng c\u00f3 gi\u00e1 tr\u1ecb t\u1ea1i Vi\u1ec7t Nam v\u00e0 c\u00e1c n\u01b0\u1edbc Ch\u00e2u \u00c1.<\/p>\n<p style=\"text-align: center;\"><img loading=\"lazy\" class=\"aligncenter\" src=\"https:\/\/keanconst.com\/wp-content\/uploads\/2020\/10\/core-value-2-c-1024x484.png\" alt=\"Vision &amp; Mission \u2013 Kean Construction\" width=\"840\" height=\"397\" \/><\/p>\n","protected":false},"excerpt":{"rendered":"<p>C\u00f4ng ty x\u00e2y d\u1ef1ng th\u01b0\u01a1ng m\u1ea1i KOSIA E&amp;C \u0111\u01b0\u1ee3c th\u00e0nh l\u1eadp v\u00e0o n\u0103m 2017 v\u00e0 c\u00f3 tr\u1ee5 s\u1edf t\u1ea1i Vi\u1ec7t Nam. Ch\u00fang t\u00f4i cung c\u1ea5p d\u1ecbch v\u1ee5 x\u00e2y d\u1ef1ng, thi\u1ebft k\u1ebf \u0111\u00fang th\u1eddi gian v\u00e0 ng\u00e2n s\u00e1ch ch\u1ee7 \u0111\u1ea7u t\u01b0 y\u00eau c\u1ea7u v\u1edbi c\u00e1c ti\u00eau chu\u1ea9n chuy\u00ean nghi\u1ec7p. T\u1ea7m nh\u00ecn c\u1ee7a ch\u00fang t\u00f4i l\u00e0 t\u1ea1o [&hellip;]<\/p>\n","protected":false},"author":2,"featured_media":0,"parent":0,"menu_order":0,"comment_status":"closed","ping_status":"closed","template":"","meta":[],"yoast_head":"<!-- This site is optimized with the Yoast SEO plugin v19.7.1 - https:\/\/yoast.com\/wordpress\/plugins\/seo\/ -->\n<title>T\u1ea6M NH\u00ccN V\u00c0 S\u1ee8 M\u1ec6NH C\u1ee6A CH\u00daNG T\u00d4I - KOSIAENC<\/title>\n<meta name=\"robots\" content=\"index, follow, max-snippet:-1, max-image-preview:large, max-video-preview:-1\" \/>\n<link rel=\"canonical\" href=\"https:\/\/kosiaenc.com\/?page_id=1145&lang=vi\" \/>\n<meta property=\"og:locale\" content=\"vi_VN\" \/>\n<meta property=\"og:type\" content=\"article\" \/>\n<meta property=\"og:title\" content=\"T\u1ea6M NH\u00ccN V\u00c0 S\u1ee8 M\u1ec6NH C\u1ee6A CH\u00daNG T\u00d4I - KOSIAENC\" \/>\n<meta property=\"og:description\" content=\"C\u00f4ng ty x\u00e2y d\u1ef1ng th\u01b0\u01a1ng m\u1ea1i KOSIA E&amp;C \u0111\u01b0\u1ee3c th\u00e0nh l\u1eadp v\u00e0o n\u0103m 2017 v\u00e0 c\u00f3 tr\u1ee5 s\u1edf t\u1ea1i Vi\u1ec7t Nam. Ch\u00fang t\u00f4i cung c\u1ea5p d\u1ecbch v\u1ee5 x\u00e2y d\u1ef1ng, thi\u1ebft k\u1ebf \u0111\u00fang th\u1eddi gian v\u00e0 ng\u00e2n s\u00e1ch ch\u1ee7 \u0111\u1ea7u t\u01b0 y\u00eau c\u1ea7u v\u1edbi c\u00e1c ti\u00eau chu\u1ea9n chuy\u00ean nghi\u1ec7p. T\u1ea7m nh\u00ecn c\u1ee7a ch\u00fang t\u00f4i l\u00e0 t\u1ea1o [&hellip;]\" \/>\n<meta property=\"og:url\" content=\"https:\/\/kosiaenc.com\/?page_id=1145&amp;lang=vi\" \/>\n<meta property=\"og:site_name\" content=\"KOSIAENC\" \/>\n<meta property=\"article:modified_time\" content=\"2023-02-03T08:42:41+00:00\" \/>\n<meta property=\"og:image\" content=\"https:\/\/keanconst.com\/wp-content\/uploads\/2020\/10\/core-value-2-c-1024x484.png\" \/>\n<meta name=\"twitter:card\" content=\"summary_large_image\" \/>\n<meta name=\"twitter:label1\" content=\"\u01af\u1edbc t\u00ednh th\u1eddi gian \u0111\u1ecdc\" \/>\n\t<meta name=\"twitter:data1\" content=\"1 ph\u00fat\" \/>\n<script type=\"application\/ld+json\" class=\"yoast-schema-graph\">{\"@context\":\"https:\/\/schema.org\",\"@graph\":[{\"@type\":\"WebPage\",\"@id\":\"https:\/\/kosiaenc.com\/?page_id=1145&lang=vi\",\"url\":\"https:\/\/kosiaenc.com\/?page_id=1145&lang=vi\",\"name\":\"T\u1ea6M NH\u00ccN V\u00c0 S\u1ee8 M\u1ec6NH C\u1ee6A CH\u00daNG T\u00d4I - KOSIAENC\",\"isPartOf\":{\"@id\":\"https:\/\/kosiaenc.com\/#website\"},\"datePublished\":\"2022-09-23T04:06:50+00:00\",\"dateModified\":\"2023-02-03T08:42:41+00:00\",\"breadcrumb\":{\"@id\":\"https:\/\/kosiaenc.com\/?page_id=1145&lang=vi#breadcrumb\"},\"inLanguage\":\"vi\",\"potentialAction\":[{\"@type\":\"ReadAction\",\"target\":[\"https:\/\/kosiaenc.com\/?page_id=1145&lang=vi\"]}]},{\"@type\":\"BreadcrumbList\",\"@id\":\"https:\/\/kosiaenc.com\/?page_id=1145&lang=vi#breadcrumb\",\"itemListElement\":[{\"@type\":\"ListItem\",\"position\":1,\"name\":\"Trang ch\u1ee7\",\"item\":\"https:\/\/kosiaenc.com\/\"},{\"@type\":\"ListItem\",\"position\":2,\"name\":\"T\u1ea6M NH\u00ccN V\u00c0 S\u1ee8 M\u1ec6NH C\u1ee6A CH\u00daNG T\u00d4I\"}]},{\"@type\":\"WebSite\",\"@id\":\"https:\/\/kosiaenc.com\/#website\",\"url\":\"https:\/\/kosiaenc.com\/\",\"name\":\"KOSIAENC\",\"description\":\"\",\"publisher\":{\"@id\":\"https:\/\/kosiaenc.com\/#organization\"},\"potentialAction\":[{\"@type\":\"SearchAction\",\"target\":{\"@type\":\"EntryPoint\",\"urlTemplate\":\"https:\/\/kosiaenc.com\/?s={search_term_string}\"},\"query-input\":\"required name=search_term_string\"}],\"inLanguage\":\"vi\"},{\"@type\":\"Organization\",\"@id\":\"https:\/\/kosiaenc.com\/#organization\",\"name\":\"KOSIAENC\",\"url\":\"https:\/\/kosiaenc.com\/\",\"sameAs\":[],\"logo\":{\"@type\":\"ImageObject\",\"inLanguage\":\"vi\",\"@id\":\"https:\/\/kosiaenc.com\/#\/schema\/logo\/image\/\",\"url\":\"https:\/\/kosiaenc.com\/wp-content\/uploads\/2022\/09\/cropped-cd68ee58ec3c2862712d.png\",\"contentUrl\":\"https:\/\/kosiaenc.com\/wp-content\/uploads\/2022\/09\/cropped-cd68ee58ec3c2862712d.png\",\"width\":819,\"height\":132,\"caption\":\"KOSIAENC\"},\"image\":{\"@id\":\"https:\/\/kosiaenc.com\/#\/schema\/logo\/image\/\"}}]}<\/script>\n<!-- \/ Yoast SEO plugin. -->","yoast_head_json":{"title":"T\u1ea6M NH\u00ccN V\u00c0 S\u1ee8 M\u1ec6NH C\u1ee6A CH\u00daNG T\u00d4I - KOSIAENC","robots":{"index":"index","follow":"follow","max-snippet":"max-snippet:-1","max-image-preview":"max-image-preview:large","max-video-preview":"max-video-preview:-1"},"canonical":"https:\/\/kosiaenc.com\/?page_id=1145&lang=vi","og_locale":"vi_VN","og_type":"article","og_title":"T\u1ea6M NH\u00ccN V\u00c0 S\u1ee8 M\u1ec6NH C\u1ee6A CH\u00daNG T\u00d4I - KOSIAENC","og_description":"C\u00f4ng ty x\u00e2y d\u1ef1ng th\u01b0\u01a1ng m\u1ea1i KOSIA E&amp;C \u0111\u01b0\u1ee3c th\u00e0nh l\u1eadp v\u00e0o n\u0103m 2017 v\u00e0 c\u00f3 tr\u1ee5 s\u1edf t\u1ea1i Vi\u1ec7t Nam. Ch\u00fang t\u00f4i cung c\u1ea5p d\u1ecbch v\u1ee5 x\u00e2y d\u1ef1ng, thi\u1ebft k\u1ebf \u0111\u00fang th\u1eddi gian v\u00e0 ng\u00e2n s\u00e1ch ch\u1ee7 \u0111\u1ea7u t\u01b0 y\u00eau c\u1ea7u v\u1edbi c\u00e1c ti\u00eau chu\u1ea9n chuy\u00ean nghi\u1ec7p. T\u1ea7m nh\u00ecn c\u1ee7a ch\u00fang t\u00f4i l\u00e0 t\u1ea1o [&hellip;]","og_url":"https:\/\/kosiaenc.com\/?page_id=1145&lang=vi","og_site_name":"KOSIAENC","article_modified_time":"2023-02-03T08:42:41+00:00","og_image":[{"url":"https:\/\/keanconst.com\/wp-content\/uploads\/2020\/10\/core-value-2-c-1024x484.png"}],"twitter_card":"summary_large_image","twitter_misc":{"\u01af\u1edbc t\u00ednh th\u1eddi gian \u0111\u1ecdc":"1 ph\u00fat"},"schema":{"@context":"https:\/\/schema.org","@graph":[{"@type":"WebPage","@id":"https:\/\/kosiaenc.com\/?page_id=1145&lang=vi","url":"https:\/\/kosiaenc.com\/?page_id=1145&lang=vi","name":"T\u1ea6M NH\u00ccN V\u00c0 S\u1ee8 M\u1ec6NH C\u1ee6A CH\u00daNG T\u00d4I - KOSIAENC","isPartOf":{"@id":"https:\/\/kosiaenc.com\/#website"},"datePublished":"2022-09-23T04:06:50+00:00","dateModified":"2023-02-03T08:42:41+00:00","breadcrumb":{"@id":"https:\/\/kosiaenc.com\/?page_id=1145&lang=vi#breadcrumb"},"inLanguage":"vi","potentialAction":[{"@type":"ReadAction","target":["https:\/\/kosiaenc.com\/?page_id=1145&lang=vi"]}]},{"@type":"BreadcrumbList","@id":"https:\/\/kosiaenc.com\/?page_id=1145&lang=vi#breadcrumb","itemListElement":[{"@type":"ListItem","position":1,"name":"Trang ch\u1ee7","item":"https:\/\/kosiaenc.com\/"},{"@type":"ListItem","position":2,"name":"T\u1ea6M NH\u00ccN V\u00c0 S\u1ee8 M\u1ec6NH C\u1ee6A CH\u00daNG T\u00d4I"}]},{"@type":"WebSite","@id":"https:\/\/kosiaenc.com\/#website","url":"https:\/\/kosiaenc.com\/","name":"KOSIAENC","description":"","publisher":{"@id":"https:\/\/kosiaenc.com\/#organization"},"potentialAction":[{"@type":"SearchAction","target":{"@type":"EntryPoint","urlTemplate":"https:\/\/kosiaenc.com\/?s={search_term_string}"},"query-input":"required name=search_term_string"}],"inLanguage":"vi"},{"@type":"Organization","@id":"https:\/\/kosiaenc.com\/#organization","name":"KOSIAENC","url":"https:\/\/kosiaenc.com\/","sameAs":[],"logo":{"@type":"ImageObject","inLanguage":"vi","@id":"https:\/\/kosiaenc.com\/#\/schema\/logo\/image\/","url":"https:\/\/kosiaenc.com\/wp-content\/uploads\/2022\/09\/cropped-cd68ee58ec3c2862712d.png","contentUrl":"https:\/\/kosiaenc.com\/wp-content\/uploads\/2022\/09\/cropped-cd68ee58ec3c2862712d.png","width":819,"height":132,"caption":"KOSIAENC"},"image":{"@id":"https:\/\/kosiaenc.com\/#\/schema\/logo\/image\/"}}]}},"_links":{"self":[{"href":"https:\/\/kosiaenc.com\/index.php?rest_route=\/wp\/v2\/pages\/1145"}],"collection":[{"href":"https:\/\/kosiaenc.com\/index.php?rest_route=\/wp\/v2\/pages"}],"about":[{"href":"https:\/\/kosiaenc.com\/index.php?rest_route=\/wp\/v2\/types\/page"}],"author":[{"embeddable":true,"href":"https:\/\/kosiaenc.com\/index.php?rest_route=\/wp\/v2\/users\/2"}],"replies":[{"embeddable":true,"href":"https:\/\/kosiaenc.com\/index.php?rest_route=%2Fwp%2Fv2%2Fcomments&post=1145"}],"version-history":[{"count":3,"href":"https:\/\/kosiaenc.com\/index.php?rest_route=\/wp\/v2\/pages\/1145\/revisions"}],"predecessor-version":[{"id":1465,"href":"https:\/\/kosiaenc.com\/index.php?rest_route=\/wp\/v2\/pages\/1145\/revisions\/1465"}],"wp:attachment":[{"href":"https:\/\/kosiaenc.com\/index.php?rest_route=%2Fwp%2Fv2%2Fmedia&parent=1145"}],"curies":[{"name":"wp","href":"https:\/\/api.w.org\/{rel}","templated":true}]}}